MONTHLY CLIMATOLOGICAL SUMMARY for OCT. 2020

NAME:    CITY:  STATE: 
ELEV:  LAT:  LONG: 

                            TEMPERATURE ( C), RAIN (mm), WIND SPEED (kmh)

                                               HEAT     COOL           AVG
      MEAN                                     DEG      DEG            WIND                       DOM
DAY   TEMP    HIGH   TIME     LOW    TIME      DAYS     DAYS    RAIN   SPEED    HIGH    TIME      DIR
----------------------------------------------------------------------------------------------------------------------------------------------------------
01    15.1    19.3   12:17    11.9   03:33     03.2     00.0    00.2   03.9     25.9    23:59      SW
02    16.0    17.7   15:09    13.7   01:19     02.3     00.0    00.4   13.9     50.0    15:47     SSE
03    14.4    18.3   08:19    10.4   23:59     03.9     00.0    06.8   07.4     50.0    01:21     ESE
04    14.0    17.8   12:09    09.5   01:23     04.3     00.0    04.6   07.9     44.4    23:45     SSE
05    13.3    16.4   11:16    11.5   04:13     05.0     00.0    08.6   05.6     37.0    00:28      NW
06    13.7    16.8   11:57    11.1   07:23     04.6     00.0    00.4   04.9     33.3    16:08     WSW
07    14.5    17.9   14:17    10.9   23:42     03.8     00.0    07.4   07.8     44.4    11:31      NW
08    14.2    20.4   13:39    09.0   06:55     04.1     00.0    00.0   02.9     16.6    16:02      NW
09    14.7    19.8   14:38    10.7   07:43     03.6     00.0    00.0   02.4     14.8    15:12      NW
10    15.1    19.7   13:57    11.2   05:35     03.2     00.0    00.0   03.5     24.1    21:34      SW
11    12.4    15.7   10:05    09.1   23:43     05.9     00.0    28.4   04.1     29.6    04:01      E 
12    08.0    10.7   14:49    06.5   07:31     10.3     00.0    01.0   05.1     31.4    14:40      NE
13    09.7    14.5   13:52    05.8   07:50     08.6     00.0    00.4   03.4     22.2    16:14      W 
14    11.8    16.4   13:21    09.7   05:08     06.5     00.0    06.2   05.5     24.1    08:34     SSE
15    09.7    12.9   11:53    07.2   17:39     08.6     00.0    34.6   03.3     25.9    02:19      NW
16    09.6    14.6   14:09    06.4   07:26     08.7     00.0    02.0   02.7     24.1    02:18      NE
17    09.5    12.6   11:09    06.8   04:00     08.8     00.0    01.2   02.2     11.1    14:16      NW
----------------------------------------------------------------------------------------------------------------------------------------------------------
12.7 (13.0)   20.4  day 08     05.8  day 13   095.5    000.0   102.2   05.1     50.0   day 02      S 
Min <=   30: 17
Max Rain: 34.6 ON 15-10-20
Days of Rain: 14 (> .2mm) 7 (> 2mm) 2 (> 20mm)